{"id":33,"date":"2018-11-21T21:41:53","date_gmt":"2018-11-21T21:41:53","guid":{"rendered":"https:\/\/gppg.prs.hr\/?page_id=33"},"modified":"2018-12-15T18:40:31","modified_gmt":"2018-12-15T18:40:31","slug":"faze-projekta","status":"publish","type":"page","link":"https:\/\/gppg.prs.hr\/?page_id=33","title":{"rendered":"Faze projekta"},"content":{"rendered":"<div class=\"nicepage-container\"><div class=\"\" style=\"\" >        <script>\n            (function ($) {\n                var ResponsiveCms = window.ResponsiveCms;\n                if (!ResponsiveCms) {\n                    return;\n                }\n                ResponsiveCms.contentDom = $('script:last').parent();\n                ResponsiveCms.prevMode = \"XL\";\n\n                if (typeof ResponsiveCms.recalcClasses === 'function') {\n                    ResponsiveCms.recalcClasses();\n                }\n            })(jQuery);\n        <\/script>\n        \n    <section class=\"u-clearfix u-section-1\" id=\"sec-0be1\"><div class=\"u-clearfix u-sheet u-sheet-1\"><div class=\"u-clearfix u-expanded-width u-layout-wrap\"><div class=\"u-layout\">  <div class=\"u-layout-row\"><div class=\"u-container-style u-gradient u-layout-cell u-left-cell u-right-cell u-size-60 u-layout-cell-1\"><div class=\"u-container-layout u-container-layout-1\"><p class=\"u-text u-text-1\"><b>Faze projekta:<\/b>&nbsp;<br><br><b>Dubinsko\nistra\u017eivanje na nacionalnoj razini <\/b>\n                <br>- Analiza stanja koja \u0107e uzeti u obzir statisti\u010dke podatke, politike, prakse, zakone, mirovinski sustav<br>- Kvantitativna istra\u017eivanja rodne nejednakosti u pla\u0107ama i mirovinama u privatnom i javnom sektoru u podru\u010dju proizvodnje,\n                financija i osiguranja te zdravstvene za\u0161tite i socijalne skrbi te ispitivanje rodnih stereotipa na populaciji mladih ljudi pri odabiru zanimanja. <br><br><b>Izrada edukacijskih\nprograma&nbsp;<\/b><br>- Izrada edukacijskog programa i priru\u010dnika<br>- Odr\u017eavanje radionica u \u010detiri grada (Zagreb, Split, Rijeka\/Pula i Osijek) me\u0111u predstavnicima\/ama kompanija, javne vlasti, sindikata, organizacija civilnog dru\u0161tva te u\u010denicima\/ama\n                srednjih \u0161kola. <br><br><b>Izrada nacionalnog\nzakonodavnog okvira za jednake pla\u0107e i mirovine u RH<\/b>&nbsp;<br>- Izrada strate\u0161kog dokumenta koji \u0107e osigurati standarde i pozitivne mjere za postizanje rodne ravnopravnosti na tr\u017ei\u0161tu rada i u mirovinskom sustavu.<br><br><b>Pove\u0107anje\nvidljivosti teme<\/b><br>- Organiziranje nacionalnih kampanja povodom EU dana jednakih pla\u0107a (3. 11.)<br>- Izrada videa<br>- Publiciranje izvje\u0161\u0107a istra\u017eivanja<br>- Objavljivanje \u010dlanaka u Glasilu Sindikata umirovljenika.<br><br><\/p><\/div><\/div>  <\/div><\/div><\/div>\n            \n        <\/div><\/section>\n<\/div><\/div>","protected":false},"excerpt":{"rendered":"<p>Faze projekta:&nbsp;Dubinsko istra\u017eivanje na nacionalnoj razini &#8211; Analiza stanja koja \u0107e uzeti u obzir statisti\u010dke podatke, politike, prakse, zakone, mirovinski sustav- Kvantitativna istra\u017eivanja rodne nejednakosti u pla\u0107ama i mirovinama u privatnom i javnom sektoru u podru\u010dju proizvodnje, financija i osiguranja te zdravstvene za\u0161tite i socijalne skrbi te ispitivanje rodnih stereotipa na populaciji mladih ljudi pri &hellip; <a href=\"https:\/\/gppg.prs.hr\/?page_id=33\" class=\"more-link\">Continue reading<span class=\"screen-reader-text\"> &#8220;Faze projekta&#8221;<\/span><\/a><\/p>\n","protected":false},"author":2,"featured_media":0,"parent":0,"menu_order":3,"comment_status":"closed","ping_status":"closed","template":"","meta":{"footnotes":""},"class_list":["post-33","page","type-page","status-publish","hentry"],"_links":{"self":[{"href":"https:\/\/gppg.prs.hr\/index.php?rest_route=\/wp\/v2\/pages\/33","targetHints":{"allow":["GET"]}}],"collection":[{"href":"https:\/\/gppg.prs.hr\/index.php?rest_route=\/wp\/v2\/pages"}],"about":[{"href":"https:\/\/gppg.prs.hr\/index.php?rest_route=\/wp\/v2\/types\/page"}],"author":[{"embeddable":true,"href":"https:\/\/gppg.prs.hr\/index.php?rest_route=\/wp\/v2\/users\/2"}],"replies":[{"embeddable":true,"href":"https:\/\/gppg.prs.hr\/index.php?rest_route=%2Fwp%2Fv2%2Fcomments&post=33"}],"version-history":[{"count":0,"href":"https:\/\/gppg.prs.hr\/index.php?rest_route=\/wp\/v2\/pages\/33\/revisions"}],"wp:attachment":[{"href":"https:\/\/gppg.prs.hr\/index.php?rest_route=%2Fwp%2Fv2%2Fmedia&parent=33"}],"curies":[{"name":"wp","href":"https:\/\/api.w.org\/{rel}","templated":true}]}}

<div class="nicepage-container"><div class="" style="" >        <script>
            (function ($) {
                var ResponsiveCms = window.ResponsiveCms;
                if (!ResponsiveCms) {
                    return;
                }
                ResponsiveCms.contentDom = $('script:last').parent();
                ResponsiveCms.prevMode = "XL";

                if (typeof ResponsiveCms.recalcClasses === 'function') {
                    ResponsiveCms.recalcClasses();
                }
            })(jQuery);
        </script>
        
    <section class="u-clearfix u-section-1" id="sec-0be1"><div class="u-clearfix u-sheet u-sheet-1"><div class="u-clearfix u-expanded-width u-layout-wrap"><div class="u-layout">  <div class="u-layout-row"><div class="u-container-style u-gradient u-layout-cell u-left-cell u-right-cell u-size-60 u-layout-cell-1"><div class="u-container-layout u-container-layout-1"><p class="u-text u-text-1"><b>Faze projekta:</b>&nbsp;<br><br><b>Dubinsko
istraživanje na nacionalnoj razini </b>
                <br>- Analiza stanja koja će uzeti u obzir statističke podatke, politike, prakse, zakone, mirovinski sustav<br>- Kvantitativna istraživanja rodne nejednakosti u plaćama i mirovinama u privatnom i javnom sektoru u području proizvodnje,
                financija i osiguranja te zdravstvene zaštite i socijalne skrbi te ispitivanje rodnih stereotipa na populaciji mladih ljudi pri odabiru zanimanja. <br><br><b>Izrada edukacijskih
programa&nbsp;</b><br>- Izrada edukacijskog programa i priručnika<br>- Održavanje radionica u četiri grada (Zagreb, Split, Rijeka/Pula i Osijek) među predstavnicima/ama kompanija, javne vlasti, sindikata, organizacija civilnog društva te učenicima/ama
                srednjih škola. <br><br><b>Izrada nacionalnog
zakonodavnog okvira za jednake plaće i mirovine u RH</b>&nbsp;<br>- Izrada strateškog dokumenta koji će osigurati standarde i pozitivne mjere za postizanje rodne ravnopravnosti na tržištu rada i u mirovinskom sustavu.<br><br><b>Povećanje
vidljivosti teme</b><br>- Organiziranje nacionalnih kampanja povodom EU dana jednakih plaća (3. 11.)<br>- Izrada videa<br>- Publiciranje izvješća istraživanja<br>- Objavljivanje članaka u Glasilu Sindikata umirovljenika.<br><br></p></div></div>  </div></div></div>
            
        </div></section>
</div></div>

<p>Faze projekta:&nbsp;Dubinsko istraživanje na nacionalnoj razini &#8211; Analiza stanja koja će uzeti u obzir statističke podatke, politike, prakse, zakone, mirovinski sustav- Kvantitativna istraživanja rodne nejednakosti u plaćama i mirovinama u privatnom i javnom sektoru u području proizvodnje, financija i osiguranja te zdravstvene zaštite i socijalne skrbi te ispitivanje rodnih stereotipa na populaciji mladih ljudi pri &hellip; <a href="https://gppg.prs.hr/?page_id=33" class="more-link">Continue reading<span class="screen-reader-text"> &#8220;Faze projekta&#8221;</span></a></p>
