{"id":41,"date":"2018-11-21T21:46:08","date_gmt":"2018-11-21T21:46:08","guid":{"rendered":"https:\/\/gppg.prs.hr\/?page_id=41"},"modified":"2018-12-15T18:43:32","modified_gmt":"2018-12-15T18:43:32","slug":"zakonodavni-okvir","status":"publish","type":"page","link":"https:\/\/gppg.prs.hr\/?page_id=41","title":{"rendered":"Zakonodavni okvir"},"content":{"rendered":"<div class=\"nicepage-container\"><div class=\"\" style=\"\" >        <script>\n            (function ($) {\n                var ResponsiveCms = window.ResponsiveCms;\n                if (!ResponsiveCms) {\n                    return;\n                }\n                ResponsiveCms.contentDom = $('script:last').parent();\n                ResponsiveCms.prevMode = \"XL\";\n\n                if (typeof ResponsiveCms.recalcClasses === 'function') {\n                    ResponsiveCms.recalcClasses();\n                }\n            })(jQuery);\n        <\/script>\n        \n    <section class=\"u-clearfix u-section-1\" id=\"sec-6e1a\"><div class=\"u-clearfix u-sheet u-sheet-1\"><div class=\"u-clearfix u-expanded-width u-layout-wrap\"><div class=\"u-layout\">  <div class=\"u-layout-row\"><div class=\"u-container-style u-gradient u-layout-cell u-left-cell u-right-cell u-size-60 u-layout-cell-1\"><div class=\"u-container-layout u-container-layout-1\"><p class=\"u-text u-text-1\"><b>Izrada nacionalnog zakonodavnog okvira za jednake pla\u0107e i mirovine u RH<\/b><br><br>\u2022 Izrada strate\u0161kog dokumenta koji \u0107e osigurati standarde i&nbsp;pozitivne mjere za postizanje rodne ravnopravnosti na tr\u017ei\u0161tu rada i u mirovinskom sustavu.<br><br><br><br><br><br><br><br><br><br><br><br><br><br><br><br><br><br><br><br><\/p><\/div><\/div>  <\/div><\/div><\/div>\n            \n        <\/div><\/section>\n<\/div><\/div>","protected":false},"excerpt":{"rendered":"<p>Izrada nacionalnog zakonodavnog okvira za jednake pla\u0107e i mirovine u RH\u2022 Izrada strate\u0161kog dokumenta koji \u0107e osigurati standarde i&nbsp;pozitivne mjere za postizanje rodne ravnopravnosti na tr\u017ei\u0161tu rada i u mirovinskom sustavu.<\/p>\n","protected":false},"author":2,"featured_media":0,"parent":33,"menu_order":3,"comment_status":"closed","ping_status":"closed","template":"","meta":{"footnotes":""},"class_list":["post-41","page","type-page","status-publish","hentry"],"_links":{"self":[{"href":"https:\/\/gppg.prs.hr\/index.php?rest_route=\/wp\/v2\/pages\/41","targetHints":{"allow":["GET"]}}],"collection":[{"href":"https:\/\/gppg.prs.hr\/index.php?rest_route=\/wp\/v2\/pages"}],"about":[{"href":"https:\/\/gppg.prs.hr\/index.php?rest_route=\/wp\/v2\/types\/page"}],"author":[{"embeddable":true,"href":"https:\/\/gppg.prs.hr\/index.php?rest_route=\/wp\/v2\/users\/2"}],"replies":[{"embeddable":true,"href":"https:\/\/gppg.prs.hr\/index.php?rest_route=%2Fwp%2Fv2%2Fcomments&post=41"}],"version-history":[{"count":0,"href":"https:\/\/gppg.prs.hr\/index.php?rest_route=\/wp\/v2\/pages\/41\/revisions"}],"up":[{"embeddable":true,"href":"https:\/\/gppg.prs.hr\/index.php?rest_route=\/wp\/v2\/pages\/33"}],"wp:attachment":[{"href":"https:\/\/gppg.prs.hr\/index.php?rest_route=%2Fwp%2Fv2%2Fmedia&parent=41"}],"curies":[{"name":"wp","href":"https:\/\/api.w.org\/{rel}","templated":true}]}}

<div class="nicepage-container"><div class="" style="" >        <script>
            (function ($) {
                var ResponsiveCms = window.ResponsiveCms;
                if (!ResponsiveCms) {
                    return;
                }
                ResponsiveCms.contentDom = $('script:last').parent();
                ResponsiveCms.prevMode = "XL";

                if (typeof ResponsiveCms.recalcClasses === 'function') {
                    ResponsiveCms.recalcClasses();
                }
            })(jQuery);
        </script>
        
    <section class="u-clearfix u-section-1" id="sec-6e1a"><div class="u-clearfix u-sheet u-sheet-1"><div class="u-clearfix u-expanded-width u-layout-wrap"><div class="u-layout">  <div class="u-layout-row"><div class="u-container-style u-gradient u-layout-cell u-left-cell u-right-cell u-size-60 u-layout-cell-1"><div class="u-container-layout u-container-layout-1"><p class="u-text u-text-1"><b>Izrada nacionalnog zakonodavnog okvira za jednake plaće i mirovine u RH</b><br><br>• Izrada strateškog dokumenta koji će osigurati standarde i&nbsp;pozitivne mjere za postizanje rodne ravnopravnosti na tržištu rada i u mirovinskom sustavu.<br><br><br><br><br><br><br><br><br><br><br><br><br><br><br><br><br><br><br><br></p></div></div>  </div></div></div>
            
        </div></section>
</div></div>

<p>Izrada nacionalnog zakonodavnog okvira za jednake plaće i mirovine u RH• Izrada strateškog dokumenta koji će osigurati standarde i&nbsp;pozitivne mjere za postizanje rodne ravnopravnosti na tržištu rada i u mirovinskom sustavu.</p>
