{"id":43,"date":"2018-11-21T21:46:28","date_gmt":"2018-11-21T21:46:28","guid":{"rendered":"https:\/\/gppg.prs.hr\/?page_id=43"},"modified":"2018-12-15T18:44:42","modified_gmt":"2018-12-15T18:44:42","slug":"vidljivost","status":"publish","type":"page","link":"https:\/\/gppg.prs.hr\/?page_id=43","title":{"rendered":"Vidljivost"},"content":{"rendered":"<div class=\"nicepage-container\"><div class=\"\" style=\"\" >        <script>\n            (function ($) {\n                var ResponsiveCms = window.ResponsiveCms;\n                if (!ResponsiveCms) {\n                    return;\n                }\n                ResponsiveCms.contentDom = $('script:last').parent();\n                ResponsiveCms.prevMode = \"XL\";\n\n                if (typeof ResponsiveCms.recalcClasses === 'function') {\n                    ResponsiveCms.recalcClasses();\n                }\n            })(jQuery);\n        <\/script>\n        \n    <section class=\"u-clearfix u-section-1\" id=\"sec-7d4a\"><div class=\"u-clearfix u-sheet u-sheet-1\"><div class=\"u-clearfix u-expanded-width u-layout-wrap\"><div class=\"u-layout\">  <div class=\"u-layout-row\"><div class=\"u-container-style u-gradient u-layout-cell u-left-cell u-right-cell u-size-60 u-layout-cell-1\"><div class=\"u-container-layout u-container-layout-1\"><p class=\"u-text u-text-1\"><b>Pove\u0107anje vidljivosti teme<\/b><br><br>\u2022 Organiziranje nacionalnih kampanja povodom EU dana&nbsp;jednakih pla\u0107a (3. 11.)<br><br>\u2022 Izrada videa<br><br>\u2022 Publiciranje izvje\u0161\u0107a istra\u017eivanja<br><br>\u2022 Objavljivanje \u010dlanaka u Glasilu Sindikata\n                umirovljenika.<br><br><br><br><br><br><br><br><br><br><br><br><br><br><\/p><\/div><\/div>  <\/div><\/div><\/div>\n            \n        <\/div><\/section>\n<\/div><\/div>","protected":false},"excerpt":{"rendered":"<p>Pove\u0107anje vidljivosti teme\u2022 Organiziranje nacionalnih kampanja povodom EU dana&nbsp;jednakih pla\u0107a (3. 11.)\u2022 Izrada videa\u2022 Publiciranje izvje\u0161\u0107a istra\u017eivanja\u2022 Objavljivanje \u010dlanaka u Glasilu Sindikata umirovljenika.<\/p>\n","protected":false},"author":2,"featured_media":0,"parent":33,"menu_order":4,"comment_status":"closed","ping_status":"closed","template":"","meta":{"footnotes":""},"class_list":["post-43","page","type-page","status-publish","hentry"],"_links":{"self":[{"href":"https:\/\/gppg.prs.hr\/index.php?rest_route=\/wp\/v2\/pages\/43","targetHints":{"allow":["GET"]}}],"collection":[{"href":"https:\/\/gppg.prs.hr\/index.php?rest_route=\/wp\/v2\/pages"}],"about":[{"href":"https:\/\/gppg.prs.hr\/index.php?rest_route=\/wp\/v2\/types\/page"}],"author":[{"embeddable":true,"href":"https:\/\/gppg.prs.hr\/index.php?rest_route=\/wp\/v2\/users\/2"}],"replies":[{"embeddable":true,"href":"https:\/\/gppg.prs.hr\/index.php?rest_route=%2Fwp%2Fv2%2Fcomments&post=43"}],"version-history":[{"count":0,"href":"https:\/\/gppg.prs.hr\/index.php?rest_route=\/wp\/v2\/pages\/43\/revisions"}],"up":[{"embeddable":true,"href":"https:\/\/gppg.prs.hr\/index.php?rest_route=\/wp\/v2\/pages\/33"}],"wp:attachment":[{"href":"https:\/\/gppg.prs.hr\/index.php?rest_route=%2Fwp%2Fv2%2Fmedia&parent=43"}],"curies":[{"name":"wp","href":"https:\/\/api.w.org\/{rel}","templated":true}]}}

<div class="nicepage-container"><div class="" style="" >        <script>
            (function ($) {
                var ResponsiveCms = window.ResponsiveCms;
                if (!ResponsiveCms) {
                    return;
                }
                ResponsiveCms.contentDom = $('script:last').parent();
                ResponsiveCms.prevMode = "XL";

                if (typeof ResponsiveCms.recalcClasses === 'function') {
                    ResponsiveCms.recalcClasses();
                }
            })(jQuery);
        </script>
        
    <section class="u-clearfix u-section-1" id="sec-7d4a"><div class="u-clearfix u-sheet u-sheet-1"><div class="u-clearfix u-expanded-width u-layout-wrap"><div class="u-layout">  <div class="u-layout-row"><div class="u-container-style u-gradient u-layout-cell u-left-cell u-right-cell u-size-60 u-layout-cell-1"><div class="u-container-layout u-container-layout-1"><p class="u-text u-text-1"><b>Povećanje vidljivosti teme</b><br><br>• Organiziranje nacionalnih kampanja povodom EU dana&nbsp;jednakih plaća (3. 11.)<br><br>• Izrada videa<br><br>• Publiciranje izvješća istraživanja<br><br>• Objavljivanje članaka u Glasilu Sindikata
                umirovljenika.<br><br><br><br><br><br><br><br><br><br><br><br><br><br></p></div></div>  </div></div></div>
            
        </div></section>
</div></div>

<p>Povećanje vidljivosti teme• Organiziranje nacionalnih kampanja povodom EU dana&nbsp;jednakih plaća (3. 11.)• Izrada videa• Publiciranje izvješća istraživanja• Objavljivanje članaka u Glasilu Sindikata umirovljenika.</p>
