{"id":61,"date":"2018-11-21T21:54:47","date_gmt":"2018-11-21T21:54:47","guid":{"rendered":"https:\/\/gppg.prs.hr\/?page_id=61"},"modified":"2018-12-15T20:01:49","modified_gmt":"2018-12-15T20:01:49","slug":"institut-za-ravnopravnost-muskaraca-i-zena","status":"publish","type":"page","link":"https:\/\/gppg.prs.hr\/?page_id=61","title":{"rendered":"Institut za ravnopravnost \u017eena i mu\u0161karaca"},"content":{"rendered":"<div class=\"nicepage-container\"><div class=\"\" style=\"\" >        <script>\n            (function ($) {\n                var ResponsiveCms = window.ResponsiveCms;\n                if (!ResponsiveCms) {\n                    return;\n                }\n                ResponsiveCms.contentDom = $('script:last').parent();\n                ResponsiveCms.prevMode = \"XL\";\n\n                if (typeof ResponsiveCms.recalcClasses === 'function') {\n                    ResponsiveCms.recalcClasses();\n                }\n            })(jQuery);\n        <\/script>\n        \n    <section class=\"u-clearfix u-section-1\" id=\"sec-0138\"><div class=\"u-clearfix u-sheet u-sheet-1\">\n            <p class=\"u-text u-text-1\"><b>Institut za jednakost \u017eena i\nmu\u0161karaca&nbsp; &nbsp; &nbsp; &nbsp; &nbsp; &nbsp; &nbsp; &nbsp; &nbsp; &nbsp; &nbsp;&nbsp;<\/b><br><br>Institut za jednakost \u017eena i mu\u0161karaca osnovan je 2002. godine u Belgiji. Institut je javna organizacija koja se bavi promoviranjem rodne jednakosti\n                i borbom protiv svih oblika rodne diskriminacije i nejednakosti.&nbsp;<br>Neke od aktivnosti Instituta su provo\u0111enje studija, informiranje te tu\u017ebe \u017ertava diskriminacije na temelju roda. Rodne razlike u pla\u0107ama u sredi\u0161tu su aktivnosti Instituta\n                za jednakost \u017eena i mu\u0161karaca od njegova za\u010detka. Godine 2006. savezna je vlada donijela odluku da se usustave slu\u017ebeni podaci o rodnim razlikama u pla\u0107ama na godi\u0161njoj razini.&nbsp;<br>Od 2007. godine Institut u suradnji s Federalnom javnom slu\u017ebom\n                za zapo\u0161ljavanje, rad i socijalni dijalog i Op\u0107om upravom za statistiku objavljuje godi\u0161nje izvje\u0161\u0107e, koje sadr\u017ei jasne preporuke. Ta izvje\u0161\u0107a privla\u010de veliku pozornost medija i poma\u017eu u tome da rodne razlike u pla\u0107ama ostanu dio politi\u010dkog\n                dnevnog reda. Godine 2010., za vrijeme belgijskog predsjedanja Europskom unijom, Institut je objavio izvje\u0161\u0107e o rodnim razlikama u pla\u0107ama za Europu i organizirao veliku konferenciju o toj temi. Godine 2012. izglasan je Zakon o rje\u0161avanju\n                rodnih razlika u pla\u0107ama koji je djelomi\u010dno nadahnut preporukama izvje\u0161\u0107a o rodnim razlikama u pla\u0107ama.&nbsp;<br>Izme\u0111u ostalog u njemu pi\u0161e da na nacionalnoj razini kolektivnog pregovaranja o uvjetima rada postoji obveza provo\u0111enja rasprave o\n                rodnim razlikama u pla\u0107ama i o tome kako ih rije\u0161iti. Osim toga, Institut objavljuje podatke o rodnim razlikama u mirovinama. Iako je taj jaz problemati\u010dan i iako su starije \u017eene vi\u0161e u opasnosti od siroma\u0161tva, rod se trenuta\u010dno ne uzima\n                toliko u obzir u teku\u0107oj raspravi o tome kako provesti reformu mirovinskog sustava za budu\u0107e generacije.<br><br><a href=\"http:\/\/www.igvm-ief.belgium.be\" target=\"_blank\">www.igvm-ief.belgium.be<\/a><br><\/p><img decoding=\"async\" src=\"https:\/\/gppg.prs.hr\/wp-content\/uploads\/2018\/11\/institut_belgija.png\" alt=\"\" class=\"u-image u-image-default u-image-1\" data-image-width=\"1706\" data-image-height=\"398\"><\/div><\/section>\n<\/div><\/div>","protected":false},"excerpt":{"rendered":"<p>Institut za jednakost \u017eena i mu\u0161karaca&nbsp; &nbsp; &nbsp; &nbsp; &nbsp; &nbsp; &nbsp; &nbsp; &nbsp; &nbsp; &nbsp;&nbsp;Institut za jednakost \u017eena i mu\u0161karaca osnovan je 2002. godine u Belgiji. Institut je javna organizacija koja se bavi promoviranjem rodne jednakosti i borbom protiv svih oblika rodne diskriminacije i nejednakosti.&nbsp;Neke od aktivnosti Instituta su provo\u0111enje studija, informiranje te tu\u017ebe &hellip; <a href=\"https:\/\/gppg.prs.hr\/?page_id=61\" class=\"more-link\">Continue reading<span class=\"screen-reader-text\"> &#8220;Institut za ravnopravnost \u017eena i mu\u0161karaca&#8221;<\/span><\/a><\/p>\n","protected":false},"author":2,"featured_media":0,"parent":2281,"menu_order":4,"comment_status":"closed","ping_status":"closed","template":"","meta":{"footnotes":""},"class_list":["post-61","page","type-page","status-publish","hentry"],"_links":{"self":[{"href":"https:\/\/gppg.prs.hr\/index.php?rest_route=\/wp\/v2\/pages\/61","targetHints":{"allow":["GET"]}}],"collection":[{"href":"https:\/\/gppg.prs.hr\/index.php?rest_route=\/wp\/v2\/pages"}],"about":[{"href":"https:\/\/gppg.prs.hr\/index.php?rest_route=\/wp\/v2\/types\/page"}],"author":[{"embeddable":true,"href":"https:\/\/gppg.prs.hr\/index.php?rest_route=\/wp\/v2\/users\/2"}],"replies":[{"embeddable":true,"href":"https:\/\/gppg.prs.hr\/index.php?rest_route=%2Fwp%2Fv2%2Fcomments&post=61"}],"version-history":[{"count":1,"href":"https:\/\/gppg.prs.hr\/index.php?rest_route=\/wp\/v2\/pages\/61\/revisions"}],"predecessor-version":[{"id":2319,"href":"https:\/\/gppg.prs.hr\/index.php?rest_route=\/wp\/v2\/pages\/61\/revisions\/2319"}],"up":[{"embeddable":true,"href":"https:\/\/gppg.prs.hr\/index.php?rest_route=\/wp\/v2\/pages\/2281"}],"wp:attachment":[{"href":"https:\/\/gppg.prs.hr\/index.php?rest_route=%2Fwp%2Fv2%2Fmedia&parent=61"}],"curies":[{"name":"wp","href":"https:\/\/api.w.org\/{rel}","templated":true}]}}

Institut za ravnopravnost žena i muškaraca

<div class="nicepage-container"><div class="" style="" >        <script>
            (function ($) {
                var ResponsiveCms = window.ResponsiveCms;
                if (!ResponsiveCms) {
                    return;
                }
                ResponsiveCms.contentDom = $('script:last').parent();
                ResponsiveCms.prevMode = "XL";

                if (typeof ResponsiveCms.recalcClasses === 'function') {
                    ResponsiveCms.recalcClasses();
                }
            })(jQuery);
        </script>
        
    <section class="u-clearfix u-section-1" id="sec-0138"><div class="u-clearfix u-sheet u-sheet-1">
            <p class="u-text u-text-1"><b>Institut za jednakost žena i
muškaraca&nbsp; &nbsp; &nbsp; &nbsp; &nbsp; &nbsp; &nbsp; &nbsp; &nbsp; &nbsp; &nbsp;&nbsp;</b><br><br>Institut za jednakost žena i muškaraca osnovan je 2002. godine u Belgiji. Institut je javna organizacija koja se bavi promoviranjem rodne jednakosti
                i borbom protiv svih oblika rodne diskriminacije i nejednakosti.&nbsp;<br>Neke od aktivnosti Instituta su provođenje studija, informiranje te tužbe žrtava diskriminacije na temelju roda. Rodne razlike u plaćama u središtu su aktivnosti Instituta
                za jednakost žena i muškaraca od njegova začetka. Godine 2006. savezna je vlada donijela odluku da se usustave službeni podaci o rodnim razlikama u plaćama na godišnjoj razini.&nbsp;<br>Od 2007. godine Institut u suradnji s Federalnom javnom službom
                za zapošljavanje, rad i socijalni dijalog i Općom upravom za statistiku objavljuje godišnje izvješće, koje sadrži jasne preporuke. Ta izvješća privlače veliku pozornost medija i pomažu u tome da rodne razlike u plaćama ostanu dio političkog
                dnevnog reda. Godine 2010., za vrijeme belgijskog predsjedanja Europskom unijom, Institut je objavio izvješće o rodnim razlikama u plaćama za Europu i organizirao veliku konferenciju o toj temi. Godine 2012. izglasan je Zakon o rješavanju
                rodnih razlika u plaćama koji je djelomično nadahnut preporukama izvješća o rodnim razlikama u plaćama.&nbsp;<br>Između ostalog u njemu piše da na nacionalnoj razini kolektivnog pregovaranja o uvjetima rada postoji obveza provođenja rasprave o
                rodnim razlikama u plaćama i o tome kako ih riješiti. Osim toga, Institut objavljuje podatke o rodnim razlikama u mirovinama. Iako je taj jaz problematičan i iako su starije žene više u opasnosti od siromaštva, rod se trenutačno ne uzima
                toliko u obzir u tekućoj raspravi o tome kako provesti reformu mirovinskog sustava za buduće generacije.<br><br><a href="http://www.igvm-ief.belgium.be" target="_blank">www.igvm-ief.belgium.be</a><br></p><img decoding="async" src="https://gppg.prs.hr/wp-content/uploads/2018/11/institut_belgija.png" alt="" class="u-image u-image-default u-image-1" data-image-width="1706" data-image-height="398"></div></section>
</div></div>

<p>Institut za jednakost žena i muškaraca&nbsp; &nbsp; &nbsp; &nbsp; &nbsp; &nbsp; &nbsp; &nbsp; &nbsp; &nbsp; &nbsp;&nbsp;Institut za jednakost žena i muškaraca osnovan je 2002. godine u Belgiji. Institut je javna organizacija koja se bavi promoviranjem rodne jednakosti i borbom protiv svih oblika rodne diskriminacije i nejednakosti.&nbsp;Neke od aktivnosti Instituta su provođenje studija, informiranje te tužbe &hellip; <a href="https://gppg.prs.hr/?page_id=61" class="more-link">Continue reading<span class="screen-reader-text"> &#8220;Institut za ravnopravnost žena i muškaraca&#8221;</span></a></p>
